?
True
Is 34171368 a multiple of 1722?
True
Does 4 divide 26031400?
True
Is 44121096 a multiple of 72?
True
Is 24517646 a multiple of 162?
False
Is 2392667447 a multiple of 528?
False
Does 264 divide 25211539?
False
Is 8 a factor of 256747776?
True
Is 297 a factor of 1962436562?
False
Does 207 divide 14564384?
False
Is 266287687 a multiple of 141?
False
Is 452002449 a multiple of 101?
False
Does 2313 divide 2017825056?
False
Does 1389 divide 25748895?
False
Does 1693 divide 944363818?
False
Is 87 a factor of 275868206?
False
Does 93 divide 2871561?
True
Does 806 divide 86147698?
True
Does 88 divide 200605040?
False
Does 40 divide 756313720?
True
Is 57 a factor of 15567763?
False
Is 1449184159 a multiple of 7?
False
Is 19854080 a multiple of 80?
True
Is 9208484 a multiple of 3?
False
Does 151 divide 152939835?
False
Is 54 a factor of 8836149?
False
Does 150 divide 1110562200?
True
Does 6 divide 70617042?
True
Is 13 a factor of 496198092?
True
Is 294857384 a multiple of 1972?
True
Does 530 divide 184266791?
False
Does 24 divide 5747375?
False
Does 97 divide 268935507?
True
Is 69499270 a multiple of 45?
False
Is 47813766 a multiple of 143?
True
Is 1500788696 a multiple of 136?
True
Is 414985820 a multiple of 10?
True
Is 44 a factor of 198539700?
False
Is 6878941 a multiple of 9?
False
Is 56 a factor of 56472667?
False
Is 72 a factor of 8690143?
False
Is 12 a factor of 181857935?
False
Is 11 a factor of 1588636280?
True
Is 1101 a factor of 33006879?
True
Is 12 a factor of 1091754072?
True
Does 18 divide 55837656?
True
Is 4175803 a multiple of 13?
False
Is 13300581 a multiple of 80?
False
Does 60 divide 19234076?
False
Is 4136500788 a multiple of 14?
True
Is 2068200 a multiple of 5745?
True
Is 3702107864 a multiple of 49?
False
Is 450 a factor of 463873050?
True
Is 21 a factor of 397602500?
False
Is 70 a factor of 55007540?
True
Is 639043425 a multiple of 81?
True
Is 13 a factor of 50383528?
True
Is 1976185860 a multiple of 892?
True
Is 117 a factor of 96690672?
True
Is 11 a factor of 37533449?
False
Is 3 a factor of 585813?
True
Is 18640700 a multiple of 676?
True
Is 6520049 a multiple of 683?
False
Is 1839336 a multiple of 346?
True
Is 143 a factor of 6162442?
True
Does 8 divide 318334369?
False
Does 54 divide 895504?
False
Is 871 a factor of 66306099?
False
Is 859285541 even?
False
Does 152 divide 1976531268?
False
Does 835 divide 22980398?
False
Is 87 a factor of 557930397?
False
Is 906 a factor of 1205396804?
False
Is 119230418 a multiple of 43?
False
Does 2 divide 5933001?
False
Is 2443147656 a multiple of 12?
True
Is 2841100923 a multiple of 338?
False
Is 194922 a multiple of 441?
True
Does 182 divide 2765649068?
True
Is 319323283 a multiple of 1166?
False
Is 90 a factor of 843505920?
True
Does 2658 divide 2582547354?
True
Does 7 divide 20730996?
False
Does 9 divide 134851045?
False
Is 2022296483 a multiple of 2346?
False
Is 36043049 a multiple of 11?
False
Is 7398532 a multiple of 197?
True
Is 40618950 a multiple of 1587?
False
Is 115832 a multiple of 176?
False
Is 35514096 a multiple of 12?
True
Is 28 a factor of 3353038052?
True
Does 5 divide 2136287237?
False
Is 79355022 a multiple of 61?
True
Does 19 divide 2162179179?
False
Is 6 a factor of 312728746?
False
Does 559 divide 78646491?
False
Is 11 a factor of 765238815?
True
Is 2 a factor of 2795252?
True
Is 14946006 a multiple of 270?
False
Does 90 divide 162214920?
True
Is 62526735 a multiple of 45?
True
Does 100 divide 33534900?
True
Does 422 divide 95361450?
True
Does 2183 divide 4666351?
False
Is 32419900 a multiple of 20?
True
Does 13 divide 7262034?
True
Is 210532208 a multiple of 17?
False
Does 17 divide 8398374?
True
Is 2604124136 a multiple of 21?
False
Is 626 a factor of 10462718?
False
Does 969 divide 28251195?
True
Does 107 divide 1450492?
True
Does 12 divide 57302616?
True
Is 139 a factor of 170826829?
False
Does 24 divide 107953848?
True
Is 143977820 a multiple of 1330?
True
Is 484 a factor of 9327648?
True
Is 4 a factor of 11189077?
False
Does 263 divide 278156894?
False
Does 23 divide 42644163?
False
Is 167453280 a multiple of 1545?
True
Is 164 a factor of 1895512?
True
Does 3 divide 1515750?
True
Is 76 a factor of 247380304?
True
Is 1087 a factor of 204610358?
True
Does 13 divide 33571070?
True
Does 2 divide 67152182?
True
Is 98917584 a multiple of 5?
False
Is 109 a factor of 11348862?
True
Is 537470880 a multiple of 1776?
True
Is 73 a factor of 37726400?
True
Is 33 a factor of 118679418?
True
Is 180 a factor of 10586880?
True
Does 137 divide 39873165?
True
Is 466 a factor of 6975692?
False
Is 5800622 a multiple of 253?
False
Is 4040046 a multiple of 31?
False
Is 792252882 a multiple of 2064?
False
Is 69 a factor of 35180685?
True
Does 8381 divide 275268700?
False
Is 26 a factor of 145305940?
True
Is 1826628726 a multiple of 6?
True
Does 14 divide 63715582?
True
Does 1582 divide 61128480?
True
Does 2902 divide 1008610836?
False
Is 58042710 a multiple of 865?
False
Is 7 a factor of 507854885?
False
Does 141 divide 50008769?
False
Is 157 a factor of 1345168778?
True
Is 789 a factor of 9067188?
True
Is 35642373 a multiple of 4?
False
Does 1122 divide 27724554?
False
Does 105 divide 185955420?
True
Is 185314085 a multiple of 859?
False
Is 95 a factor of 1169628695?
True
Is 32113728 a multiple of 2?
True
Is 96109657 a multiple of 3389?
False
Does 695 divide 705684235?
True
Does 63 divide 35644193?
False
Is 1722178 a multiple of 32?
False
Is 22 a factor of 7420710?
True
Does 160 divide 682746?
False
Is 37 a factor of 152395748?
True
Is 2885574 a multiple of 105?
False
Is 2585 a factor of 835619532?
False
Is 1864 a factor of 330264818?
False
Is 264815481 a multiple of 27?
False
Is 23892027 a multiple of 47?
True
Is 22 a factor of 32337108?
False
Does 8 divide 93336684?
False
Does 14371 divide 4263397761?
False
Is 281846784 a multiple of 64?
True
Does 7473 divide 1056090751?
False
Is 2000 a factor of 715070000?
True
Is 8760 a factor of 1583755440?
True
Is 202992240 a multiple of 15?
True
Is 544220329 a multiple of 54?
False
Does 10 divide 197799930?
True
Is 2957657684 a multiple of 66?
False
Is 133 a factor of 44156053?
False
Is 24 a factor of 856487763?
False
Is 67325170 a multiple of 209?
True
Is 202813502 a multiple of 74?
True
Does 17 divide 97497176?
True
Is 1942563 even?
False
Is 31 a factor of 44161176?
False
Is 3688498704 a multiple of 68?
True
Is 946075742 a multiple of 4949?
False
Is 15 a factor of 686788770?
True
Is 58 a factor of 42663466?
True
Is 207563928 a multiple of 132?
True
Does 102 divide 400191288?
True
Is 717 a factor of 1030761?
False
Is 5 a factor of 30721540?
True
Is 15578244 a multiple of 94?
True
Does 32 divide 199991200?
True
Does 3040 divide 1464869600?
True
Does 36 divide 29071387?
False
Is 55 a factor of 3375005?
False
Is 2205 a factor of 48812085?
True
Is 1232 a factor of 1575958387?
False
Is 306196156 a multiple of 13?
False
Is 1146 a factor of 634264014?
True
Does 38 divide 4179527?
False
Is 346 a factor of 1528622?
False
Is 246 a factor of 4765583094?
True
Is 3675 a factor of 897853950?
True
Is 728 a factor of 3304546105?
False
Is 1576297466 a multiple of 861?
False
Is 32 a factor of 121839840?
True
Is 1992355092 a multiple of 117?
True
Does 1163 divide 163295667?
True
Is 7 a factor of 66117285?
False
Is 465610462 a multiple of 2423?
False
Does 19 divide 294387688?
False
Is 30410781 a multiple of 37?
True
Is 35 a factor of 136240020?
True
Does 5 divide 11421318?
False
Is 32081566 even?
True
Is 30 a factor of 2222952?
False
Is 1201904716 a multiple of 1436?
True
Is 4364709303 a multiple of 4051?
False
Is 317270414 a multiple of 25?
False
Does 5 divide 1356564?
False
Does 35 divide 23604910?
True
Does 4 divide 4297672?
True
Is 1621700329 a multiple of 303?
False
Is 897 a factor of 133657172?
False
Is 15 a factor of 125376690?
True
Is 12520980 a multiple of 6?
True
Does 12 divide 5063542?
False
Is 238131579 a multiple of 133?
True
Is 1789 a factor of 28112416?
False
Does 2824 divide 34368080?
True
Is 990556 a multiple of 2?
True
Is 3 a factor of 3660277?
False
Is 441425634 a multiple of 78?
True
Is 3541412 a multiple of 316?
True
Is 106 a factor of 3042306742?
True
Is 14946342 a multiple of 1398?
False
Is 203121871 a multiple of 103?
True
Is 